{"id":101,"date":"2015-09-04T19:10:55","date_gmt":"2015-09-04T19:10:55","guid":{"rendered":"http:\/\/integrativer-kiga-sonnentor.de\/?page_id=101"},"modified":"2019-01-30T15:27:29","modified_gmt":"2019-01-30T15:27:29","slug":"freispiel-im-freien","status":"publish","type":"page","link":"https:\/\/integrativer-kiga-sonnentor.de\/?page_id=101","title":{"rendered":"Freispiel im Freien"},"content":{"rendered":"<div id=\"attachment_188\" style=\"width: 210px\" class=\"wp-caption alignleft\"><a href=\"https:\/\/integrativer-kiga-sonnentor.de\/wp-content\/uploads\/2015\/09\/IMG_2348.jpg\" target=\"_blank\" rel=\"noopener\"><img loading=\"lazy\" decoding=\"async\" aria-describedby=\"caption-attachment-188\" class=\"wp-image-188 size-medium\" src=\"https:\/\/integrativer-kiga-sonnentor.de\/wp-content\/uploads\/2015\/09\/IMG_2348-200x300.jpg\" alt=\"IMG_2348\" width=\"200\" height=\"300\" srcset=\"https:\/\/integrativer-kiga-sonnentor.de\/wp-content\/uploads\/2015\/09\/IMG_2348-200x300.jpg 200w, https:\/\/integrativer-kiga-sonnentor.de\/wp-content\/uploads\/2015\/09\/IMG_2348.jpg 346w\" sizes=\"auto, (max-width: 200px) 100vw, 200px\" \/><\/a><p id=\"caption-attachment-188\" class=\"wp-caption-text\">Spiel im Sandkasten des Gartens<\/p><\/div>\n<p>&nbsp;<\/p>\n<p>Nach dem gemeinsamen Fr\u00fchst\u00fcck gehen wir zur zweiten Freispielzeit nach drau\u00dfen. Wir haben das Gl\u00fcck, nicht nur einen sch\u00f6nen Garten zu unserer Verf\u00fcgung zu haben, sondern auch noch Spielpl\u00e4tze und einen gro\u00dfen Wald in erreichbarer N\u00e4he. An diesen verschiedenen Spielorten bieten sich den Kindern reichhaltige Erfahrungsm\u00f6glichkeiten.<\/p>\n<div id=\"attachment_190\" style=\"width: 210px\" class=\"wp-caption alignright\"><a href=\"https:\/\/integrativer-kiga-sonnentor.de\/wp-content\/uploads\/2015\/09\/IMG_4403.jpg\" target=\"_blank\" rel=\"noopener\"><img loading=\"lazy\" decoding=\"async\" aria-describedby=\"caption-attachment-190\" class=\"wp-image-190 size-medium\" src=\"https:\/\/integrativer-kiga-sonnentor.de\/wp-content\/uploads\/2015\/09\/IMG_4403-200x300.jpg\" alt=\"IMG_4403\" width=\"200\" height=\"300\" srcset=\"https:\/\/integrativer-kiga-sonnentor.de\/wp-content\/uploads\/2015\/09\/IMG_4403-200x300.jpg 200w, https:\/\/integrativer-kiga-sonnentor.de\/wp-content\/uploads\/2015\/09\/IMG_4403.jpg 461w\" sizes=\"auto, (max-width: 200px) 100vw, 200px\" \/><\/a><p id=\"caption-attachment-190\" class=\"wp-caption-text\">Gartenansicht<\/p><\/div>\n<p>Sie erleben die Verwandlung der Natur durch die Jahreszeiten hindurch, denn sie d\u00fcrfen mithelfen, wenn im Garten ges\u00e4t und gepflanzt, gej\u00e4tet oder Laub gerecht wird. Sie k\u00f6nnen mit dem Schlitten oder gleich auf dem Po den kleinen Hang im Garten hinunterrutschen, wenn uns der Winter einmal Schnee beschert. Und sie d\u00fcrfen sich die Taschen voller Kastanien, Eicheln und Bucheckern sammeln, wenn der Herbstwind sie von den B\u00e4umen sch\u00fcttelt und so die Natur mit Leib und Seele erfahren.<\/p>\n<p>Dar\u00fcber hinaus erhalten die Kinder Gelegenheit, ihren Bewegungsorganismus auf vielf\u00e4ltige Weise zu schulen. Bildet der gesunde Leibaufbau doch die Grundlage f\u00fcr eine gesunde geistige und seelische Entwicklung.<\/p>\n<div id=\"attachment_751\" style=\"width: 310px\" class=\"wp-caption alignleft\"><a href=\"https:\/\/integrativer-kiga-sonnentor.de\/wp-content\/uploads\/2019\/01\/PHOTO-2019-01-30-13-50-101.jpg\"><img loading=\"lazy\" decoding=\"async\" aria-describedby=\"caption-attachment-751\" class=\"size-medium wp-image-751\" src=\"https:\/\/integrativer-kiga-sonnentor.de\/wp-content\/uploads\/2019\/01\/PHOTO-2019-01-30-13-50-101-300x225.jpg\" alt=\"\" width=\"300\" height=\"225\" srcset=\"https:\/\/integrativer-kiga-sonnentor.de\/wp-content\/uploads\/2019\/01\/PHOTO-2019-01-30-13-50-101-300x225.jpg 300w, https:\/\/integrativer-kiga-sonnentor.de\/wp-content\/uploads\/2019\/01\/PHOTO-2019-01-30-13-50-101-768x576.jpg 768w, https:\/\/integrativer-kiga-sonnentor.de\/wp-content\/uploads\/2019\/01\/PHOTO-2019-01-30-13-50-101-1024x768.jpg 1024w, https:\/\/integrativer-kiga-sonnentor.de\/wp-content\/uploads\/2019\/01\/PHOTO-2019-01-30-13-50-101.jpg 1600w\" sizes=\"auto, (max-width: 300px) 100vw, 300px\" \/><\/a><p id=\"caption-attachment-751\" class=\"wp-caption-text\">Freispielzeit im Schnee<\/p><\/div>\n<p>So k\u00f6nnen sie im Garten Seilspringen und Stelzenlaufen, Sandburgen bauen und Sandkuchen backen. Auf dem Spielplatz wird geschaukelt, gewippt, geklettert und gesprungen. Im Wald machen wir Spazierg\u00e4nge, balancieren \u00fcber Baumst\u00e4mme und bauen uns H\u00fctten aus herumliegenden \u00c4sten.<\/p>\n","protected":false},"excerpt":{"rendered":"<p>&nbsp; Nach dem gemeinsamen Fr\u00fchst\u00fcck gehen wir zur zweiten Freispielzeit nach drau\u00dfen. Wir haben das Gl\u00fcck, nicht nur einen sch\u00f6nen Garten zu unserer Verf\u00fcgung zu haben, sondern auch noch Spielpl\u00e4tze und einen gro\u00dfen Wald in erreichbarer N\u00e4he. An diesen verschiedenen&hellip; <\/p>\n","protected":false},"author":1,"featured_media":0,"parent":0,"menu_order":0,"comment_status":"closed","ping_status":"closed","template":"","meta":{"footnotes":""},"class_list":["post-101","page","type-page","status-publish","hentry"],"_links":{"self":[{"href":"https:\/\/integrativer-kiga-sonnentor.de\/index.php?rest_route=\/wp\/v2\/pages\/101","targetHints":{"allow":["GET"]}}],"collection":[{"href":"https:\/\/integrativer-kiga-sonnentor.de\/index.php?rest_route=\/wp\/v2\/pages"}],"about":[{"href":"https:\/\/integrativer-kiga-sonnentor.de\/index.php?rest_route=\/wp\/v2\/types\/page"}],"author":[{"embeddable":true,"href":"https:\/\/integrativer-kiga-sonnentor.de\/index.php?rest_route=\/wp\/v2\/users\/1"}],"replies":[{"embeddable":true,"href":"https:\/\/integrativer-kiga-sonnentor.de\/index.php?rest_route=%2Fwp%2Fv2%2Fcomments&post=101"}],"version-history":[{"count":7,"href":"https:\/\/integrativer-kiga-sonnentor.de\/index.php?rest_route=\/wp\/v2\/pages\/101\/revisions"}],"predecessor-version":[{"id":756,"href":"https:\/\/integrativer-kiga-sonnentor.de\/index.php?rest_route=\/wp\/v2\/pages\/101\/revisions\/756"}],"wp:attachment":[{"href":"https:\/\/integrativer-kiga-sonnentor.de\/index.php?rest_route=%2Fwp%2Fv2%2Fmedia&parent=101"}],"curies":[{"name":"wp","href":"https:\/\/api.w.org\/{rel}","templated":true}]}}