{"id":113,"date":"2015-09-04T19:25:51","date_gmt":"2015-09-04T19:25:51","guid":{"rendered":"http:\/\/integrativer-kiga-sonnentor.de\/?page_id=113"},"modified":"2020-08-26T14:11:40","modified_gmt":"2020-08-26T14:11:40","slug":"kuenstlerische-taetigkeit","status":"publish","type":"page","link":"https:\/\/integrativer-kiga-sonnentor.de\/?page_id=113","title":{"rendered":"K\u00fcnstlerische T\u00e4tigkeit"},"content":{"rendered":"<p><a href=\"https:\/\/integrativer-kiga-sonnentor.de\/wp-content\/uploads\/2018\/04\/2018-03-21-PHOTO-00000073.jpg\"><img loading=\"lazy\" decoding=\"async\" class=\"alignleft size-medium wp-image-593\" src=\"https:\/\/integrativer-kiga-sonnentor.de\/wp-content\/uploads\/2018\/04\/2018-03-21-PHOTO-00000073-300x225.jpg\" alt=\"\" width=\"300\" height=\"225\" srcset=\"https:\/\/integrativer-kiga-sonnentor.de\/wp-content\/uploads\/2018\/04\/2018-03-21-PHOTO-00000073-300x225.jpg 300w, https:\/\/integrativer-kiga-sonnentor.de\/wp-content\/uploads\/2018\/04\/2018-03-21-PHOTO-00000073-768x576.jpg 768w, https:\/\/integrativer-kiga-sonnentor.de\/wp-content\/uploads\/2018\/04\/2018-03-21-PHOTO-00000073-1024x768.jpg 1024w, https:\/\/integrativer-kiga-sonnentor.de\/wp-content\/uploads\/2018\/04\/2018-03-21-PHOTO-00000073.jpg 1280w\" sizes=\"auto, (max-width: 300px) 100vw, 300px\" \/><\/a><\/p>\n<p>Derzeit besteht die M\u00f6glichkeit f\u00fcr Kinder ab vier Jahren bis zum Vorschulalter an einem k\u00fcnstlerischen Nachmittag im Kindergarten teilzunehmen. Die K\u00fcnstlerin Eva Schneider kommt hierzu ins Haus und malt und modelliert mit den Kindern entsprechend der jeweiligen Jahreszeit. Hierbei h\u00f6ren die Kinder altersgem\u00e4\u00dfe Geschichten mit deren Inhalt sie sich dann k\u00fcnstlerisch auseinandersetzen.<\/p>\n<p>Einen kleinen Teilbeitrag von derzeit 4,-\u20ac je Einheit m\u00fcssen die Elternh\u00e4user selber tragen, den Rest \u00fcbernimmt der Kindergarten.<\/p>\n<div id=\"attachment_1037\" style=\"width: 226px\" class=\"wp-caption alignleft\"><a href=\"https:\/\/integrativer-kiga-sonnentor.de\/wp-content\/uploads\/2020\/08\/K\u00fcnstlerisches-Angebot_2020-2021-scaled.jpg\"><img loading=\"lazy\" decoding=\"async\" aria-describedby=\"caption-attachment-1037\" class=\"size-medium wp-image-1037\" src=\"https:\/\/integrativer-kiga-sonnentor.de\/wp-content\/uploads\/2020\/08\/K\u00fcnstlerisches-Angebot_2020-2021-216x300.jpg\" alt=\"\" width=\"216\" height=\"300\" srcset=\"https:\/\/integrativer-kiga-sonnentor.de\/wp-content\/uploads\/2020\/08\/K\u00fcnstlerisches-Angebot_2020-2021-216x300.jpg 216w, https:\/\/integrativer-kiga-sonnentor.de\/wp-content\/uploads\/2020\/08\/K\u00fcnstlerisches-Angebot_2020-2021-739x1024.jpg 739w, https:\/\/integrativer-kiga-sonnentor.de\/wp-content\/uploads\/2020\/08\/K\u00fcnstlerisches-Angebot_2020-2021-768x1064.jpg 768w, https:\/\/integrativer-kiga-sonnentor.de\/wp-content\/uploads\/2020\/08\/K\u00fcnstlerisches-Angebot_2020-2021-1108x1536.jpg 1108w, https:\/\/integrativer-kiga-sonnentor.de\/wp-content\/uploads\/2020\/08\/K\u00fcnstlerisches-Angebot_2020-2021-1478x2048.jpg 1478w, https:\/\/integrativer-kiga-sonnentor.de\/wp-content\/uploads\/2020\/08\/K\u00fcnstlerisches-Angebot_2020-2021-scaled.jpg 1847w\" sizes=\"auto, (max-width: 216px) 100vw, 216px\" \/><\/a><p id=\"caption-attachment-1037\" class=\"wp-caption-text\">K\u00fcnstlerisches Angebot<\/p><\/div>\n","protected":false},"excerpt":{"rendered":"<p>Derzeit besteht die M\u00f6glichkeit f\u00fcr Kinder ab vier Jahren bis zum Vorschulalter an einem k\u00fcnstlerischen Nachmittag im Kindergarten teilzunehmen. Die K\u00fcnstlerin Eva Schneider kommt hierzu ins Haus und malt und modelliert mit den Kindern entsprechend der jeweiligen Jahreszeit. Hierbei h\u00f6ren&hellip; <\/p>\n","protected":false},"author":1,"featured_media":0,"parent":0,"menu_order":0,"comment_status":"closed","ping_status":"closed","template":"","meta":{"footnotes":""},"class_list":["post-113","page","type-page","status-publish","hentry"],"_links":{"self":[{"href":"https:\/\/integrativer-kiga-sonnentor.de\/index.php?rest_route=\/wp\/v2\/pages\/113","targetHints":{"allow":["GET"]}}],"collection":[{"href":"https:\/\/integrativer-kiga-sonnentor.de\/index.php?rest_route=\/wp\/v2\/pages"}],"about":[{"href":"https:\/\/integrativer-kiga-sonnentor.de\/index.php?rest_route=\/wp\/v2\/types\/page"}],"author":[{"embeddable":true,"href":"https:\/\/integrativer-kiga-sonnentor.de\/index.php?rest_route=\/wp\/v2\/users\/1"}],"replies":[{"embeddable":true,"href":"https:\/\/integrativer-kiga-sonnentor.de\/index.php?rest_route=%2Fwp%2Fv2%2Fcomments&post=113"}],"version-history":[{"count":8,"href":"https:\/\/integrativer-kiga-sonnentor.de\/index.php?rest_route=\/wp\/v2\/pages\/113\/revisions"}],"predecessor-version":[{"id":1039,"href":"https:\/\/integrativer-kiga-sonnentor.de\/index.php?rest_route=\/wp\/v2\/pages\/113\/revisions\/1039"}],"wp:attachment":[{"href":"https:\/\/integrativer-kiga-sonnentor.de\/index.php?rest_route=%2Fwp%2Fv2%2Fmedia&parent=113"}],"curies":[{"name":"wp","href":"https:\/\/api.w.org\/{rel}","templated":true}]}}